ors of 279127647.
3, 10338061
What are the prime factors of 41412683?
13, 31, 102761
List the prime factors of 1337078276.
2, 53, 61, 103393
List the prime factors of 1746590455.
5, 17, 2243, 9161
List the prime factors of 131688377.
131688377
What are the prime factors of 2299536656?
2, 143721041
List the prime factors of 81844488.
2, 3, 11, 23, 4493
What are the prime factors of 159957655?
5, 11, 13, 17209
What are the prime factors of 153929422?
2, 43, 811, 2207
List the prime factors of 484055862.
2, 3, 61, 1322557
List the prime factors of 53386507.
1861, 28687
What are the prime factors of 90472831?
103, 878377
List the prime factors of 210068532.
2, 3, 163, 11933
What are the prime factors of 1792556366?
2, 896278183
What are the prime factors of 623412672?
2, 3, 3246941
List the prime factors of 1548235734.
2, 3, 1889, 136601
What are the prime factors of 48030926?
2, 41, 585743
What are the prime factors of 739143870?
2, 3, 5, 23, 1071223
What are the prime factors of 380355164?
2, 7, 13584113
List the prime factors of 31433362.
2, 73, 215297
What are the prime factors of 291901371?
3, 257, 378601
What are the prime factors of 258366862?
2, 13, 764399
List the prime factors of 191116709.
7, 3900341
List the prime factors of 13049871.
3, 71, 197, 311
What are the prime factors of 28749091?
7, 17, 241589
List the prime factors of 5311292.
2, 7, 29, 31, 211
List the prime factors of 1034980856.
2, 7, 13, 1421677
What are the prime factors of 65221048?
2, 8152631
What are the prime factors of 26983374?
2, 3, 11, 389, 1051
What are the prime factors of 233312355?
3, 5, 31, 167249
What are the prime factors of 329383498?
2, 164691749
What are the prime factors of 534241520?
2, 5, 37, 101, 1787
What are the prime factors of 802860493?
347, 373, 6203
What are the prime factors of 163713916?
2, 499, 82021
List the prime factors of 275802598.
2, 31, 127, 35027
What are the prime factors of 925412306?
2, 7, 13, 17, 299099
What are the prime factors of 109361747?
11, 9941977
What are the prime factors of 2697210970?
2, 5, 269721097
List the prime factors of 632626599.
3, 11, 1742773
What are the prime factors of 45382256?
2, 2836391
What are the prime factors of 27064048?
2, 11, 367, 419
List the prime factors of 379833447.
3, 7, 223, 11587
List the prime factors of 2110110708.
2, 3, 175842559
What are the prime factors of 90353126?
2, 1753, 25771
List the prime factors of 276062490.
2, 3, 5, 11, 17, 47, 349
List the prime factors of 220155104.
2, 13, 229, 2311
List the prime factors of 21462867.
3, 794921
List the prime factors of 638996042.
2, 319498021
What are the prime factors of 131256268?
2, 11, 13, 229469
What are the prime factors of 336189242?
2, 168094621
What are the prime factors of 5170608?
2, 3, 11969
What are the prime factors of 187054921?
1321, 141601
List the prime factors of 505123018.
2, 19, 101, 131611
List the prime factors of 60226230.
2, 3, 5, 43, 46687
List the prime factors of 4852462412.
2, 7, 107, 1619647
List the prime factors of 108146041.
108146041
What are the prime factors of 464671804?
2, 116167951
List the prime factors of 56674351.
56674351
What are the prime factors of 30883876?
2, 7720969
What are the prime factors of 110706485?
5, 29, 763493
What are the prime factors of 648839202?
2, 3, 11, 9830897
List the prime factors of 247192813.
7, 41, 861299
List the prime factors of 18905642.
2, 7, 1350403
What are the prime factors of 3700698282?
2, 3, 6637, 30977
List the prime factors of 365731799.
1949, 187651
List the prime factors of 373226594.
2, 13, 14354869
List the prime factors of 117971214.
2, 3, 19661869
List the prime factors of 52603065.
3, 5, 1168957
List the prime factors of 4329323135.
5, 31, 4703, 5939
What are the prime factors of 267735897?
3, 11, 13, 19, 10949
What are the prime factors of 814173810?
2, 3, 5, 53, 512059
What are the prime factors of 289277646?
2, 3, 7, 151, 45613
List the prime factors of 2696215740.
2, 3, 5, 3323, 13523
List the prime factors of 7601446.
2, 3800723
List the prime factors of 49523604.
2, 3, 13, 317459
List the prime factors of 4987150.
2, 5, 7, 14249
List the prime factors of 97112841.
3, 7, 877, 5273
List the prime factors of 42427517.
11, 229, 16843
What are the prime factors of 318554654?
2, 11, 14479757
What are the prime factors of 2369461106?
2, 311, 3809423
What are the prime factors of 515690242?
2, 1279, 201599
List the prime factors of 25873086.
2, 3, 4312181
What are the prime factors of 246642711?
3, 7, 43, 71, 3847
What are the prime factors of 1550572258?
2, 3229, 240101
List the prime factors of 1595699750.
2, 5, 23, 277513
What are the prime factors of 30951275?
5, 1238051
List the prime factors of 1807415814.
2, 3, 301235969
What are the prime factors of 544666667?
83, 113, 58073
What are the prime factors of 1282518174?
2, 3, 7, 31, 179, 5503
List the prime factors of 1939812737.
107, 18129091
What are the prime factors of 1117590242?
2, 558795121
What are the prime factors of 56139508?
2, 17, 37, 53, 421
What are the prime factors of 85680550?
2, 5, 103, 127, 131
List the prime factors of 35716900.
2, 5, 357169
List the prime factors of 259029504.
2, 3, 67, 839
What are the prime factors of 671991275?
5, 3467, 7753
What are the prime factors of 889764203?
889764203
What are the prime factors of 41367741?
3, 13789247
List the prime factors of 2356429727.
3259, 723053
What are the prime factors of 331298175?
3, 5, 13, 29, 11717
What are the prime factors of 411383385?
3, 5, 7, 241, 5419
List the prime factors of 93817774.
2, 211, 222317
List the prime factors of 76285644.
2, 3, 971, 6547
List the prime factors of 3112517523.
3, 89, 373, 31253
List the prime factors of 232107095.
5, 11, 67, 62987
What are the prime factors of 659620256?
2, 83, 248351
List the prime factors of 6811901.
1423, 4787
List the prime factors of 527546438.
2, 19, 13882801
What are the prime factors of 182869905?
3, 5, 12191327
What are the prime factors of 260541610?
2, 5, 7, 109, 34147
List the prime factors of 713250875.
5, 829, 6883
What are the prime factors of 37900416?
2, 3, 229, 431
List the prime factors of 8040225.
3, 5, 23, 59, 79
What are the prime factors of 5171057074?
2, 233, 11096689
What are the prime factors of 5948030038?
2, 2974015019
List the prime factors of 550528.
2, 11, 17, 23
What are the prime factors of 2304476162?
2, 59, 1327, 14717
What are the prime factors of 741544233?
3, 17, 131, 6529
List the prime factors of 129164638.
2, 139, 464621
What are the prime factors of 4685841159?
3, 16007, 97579
What are the prime factors of 74887408?
2, 37, 126499
What are the prime factors of 60135935?
5, 61, 71, 2777
What are the prime factors of 50272538?
2, 3571, 7039
List the prime factors of 37460460.
2, 3, 5, 29, 21529
What are the prime factors of 536522739?
3, 43, 4159091
What are the prime factors of 121587420?
2, 3, 5, 2026457
List the prime factors of 997728836.
2, 13, 19, 761, 1327
What are the prime factors of 64890775?
5, 2595631
What are the prime factors of 47714461?
17, 617, 4549
List the prime factors of 16464880.
2, 5, 277, 743
List the prime factors of 1477966448.
2, 7, 13196129
List the prime factors of 99230974.
2, 49615487
What are the prime factors of 1579987980?
2, 3, 5, 139, 63149
What are the prime factors of 9450487395?
3, 5, 210010831
List the prime factors of 770865832.
2, 11, 131, 6079
What are the prime factors of 45292629?
3, 227, 66509
What are the prime factors of 13184437?
7, 1883491
What are the prime factors of 148375180?
2, 5, 19, 37, 61, 173
What are the prime factors of 1654769262?
2, 3, 193, 233, 6133
List the prime factors of 30260733.
3, 10086911
List the prime factors of 48919762.
2, 47, 520423
List the prime factors of 5805085391.
7, 23, 1951, 18481
What are the prime factors of 114638051?
11, 997, 10453
List the prime factors of 3246025472.
2, 587, 21601
List the prime factors of 456156452.
2, 5297, 21529
List the prime factors of 1214820684.
2, 3, 7, 11, 31, 67, 211
List the prime factors of 1357240902.
2, 3, 23, 47, 209257
List the prime factors of 5124599885.
5, 907, 1130011
What are the prime factors of 670369334?
2, 53, 6324239
List the prime factors of 135351195.
3, 5, 7, 17, 191, 397
List the pri